is the hundreds digit of 3243?
2
What is the hundreds digit of 16104?
1
What is the units digit of 235?
5
What is the units digit of 15167?
7
What is the units digit of 956?
6
What is the tens digit of 2659?
5
What is the tens digit of 3616?
1
What is the ten thousands digit of 23474?
2
What is the units digit of 141223?
3
What is the thousands digit of 8278?
8
What is the hundreds digit of 232?
2
What is the tens digit of 747?
4
What is the tens digit of 5831?
3
What is the thousands digit of 87235?
7
What is the ten thousands digit of 69398?
6
What is the tens digit of 1334?
3
What is the hundreds digit of 17200?
2
What is the hundreds digit of 4583?
5
What is the thousands digit of 3151?
3
What is the ten thousands digit of 56724?
5
What is the tens digit of 13204?
0
What is the thousands digit of 85783?
5
What is the thousands digit of 18431?
8
What is the units digit of 3957?
7
What is the hundreds digit of 131?
1
What is the tens digit of 2384?
8
What is the tens digit of 15186?
8
What is the ten thousands digit of 144303?
4
What is the units digit of 800?
0
What is the units digit of 628?
8
What is the ten thousands digit of 12119?
1
What is the hundreds digit of 23443?
4
What is the units digit of 2431?
1
What is the hundreds digit of 1021?
0
What is the tens digit of 2291?
9
What is the units digit of 867?
7
What is the units digit of 4620?
0
What is the tens digit of 61091?
9
What is the ten thousands digit of 17897?
1
What is the tens digit of 2217?
1
What is the tens digit of 2775?
7
What is the hundreds digit of 896?
8
What is the tens digit of 439?
3
What is the tens digit of 252?
5
What is the thousands digit of 71212?
1
What is the units digit of 1533?
3
What is the tens digit of 17482?
8
What is the units digit of 15643?
3
What is the tens digit of 4992?
9
What is the tens digit of 935?
3
What is the units digit of 1177?
7
What is the thousands digit of 20453?
0
What is the thousands digit of 1278?
1
What is the tens digit of 5335?
3
What is the units digit of 171374?
4
What is the thousands digit of 25200?
5
What is the tens digit of 21673?
7
What is the thousands digit of 1033?
1
What is the thousands digit of 2432?
2
What is the units digit of 5243?
3
What is the units digit of 18245?
5
What is the hundreds digit of 169?
1
What is the thousands digit of 3336?
3
What is the tens digit of 323?
2
What is the hundreds digit of 3348?
3
What is the thousands digit of 81093?
1
What is the units digit of 19433?
3
What is the hundreds digit of 913?
9
What is the hundreds digit of 550?
5
What is the hundreds digit of 82179?
1
What is the thousands digit of 1786?
1
What is the tens digit of 326?
2
What is the tens digit of 84?
8
What is the units digit of 2638?
8
What is the thousands digit of 4363?
4
What is the thousands digit of 11987?
1
What is the units digit of 2547?
7
What is the thousands digit of 49464?
9
What is the units digit of 150359?
9
What is the hundreds digit of 29639?
6
What is the hundreds digit of 8583?
5
What is the hundreds digit of 5170?
1
What is the thousands digit of 134593?
4
What is the thousands digit of 22234?
2
What is the units digit of 215?
5
What is the hundreds digit of 8099?
0
What is the tens digit of 99?
9
What is the tens digit of 17791?
9
What is the units digit of 26963?
3
What is the hundreds digit of 49920?
9
What is the hundreds digit of 98115?
1
What is the tens digit of 39229?
2
What is the units digit of 41836?
6
What is the ten thousands digit of 39640?
3
What is the hundreds digit of 6188?
1
What is the units digit of 776?
6
What is the units digit of 907?
7
What is the tens digit of 16442?
4
What is the hundreds digit of 4183?
1
What is the units digit of 31429?
9
What is the hundreds digit of 11364?
3
What is the thousands digit of 56084?
6
What is the ten thousands digit of 58987?
5
What is the hundreds digit of 188641?
6
What is the hundreds digit of 34149?
1
What is the hundreds digit of 6807?
8
What is the tens digit of 329?
2
What is the hundreds digit of 79648?
6
What is the ten thousands digit of 36631?
3
What is the hundreds digit of 254?
2
What is the hundreds digit of 5562?
5
What is the hundreds digit of 4993?
9
What is the units digit of 2934?
4
What is the tens digit of 719?
1
What is the tens digit of 51426?
2
What is the units digit of 16243?
3
What is the hundreds digit of 5787?
7
What is the tens digit of 9316?
1
What is the ten thousands digit of 12227?
1
What is the hundreds digit of 2937?
9
What is the units digit of 12380?
0
What is the tens digit of 852?
5
What is the thousands digit of 5665?
5
What is the thousands digit of 6772?
6
What is the thousands digit of 10583?
0
What is the units digit of 63787?
7
What is the tens digit of 44?
4
What is the thousands digit of 4359?
4
What is the units digit of 6013?
3
What is the thousands digit of 14981?
4
What is the thousands digit of 15681?
5
What is the tens digit of 1555?
5
What is the units digit of 85457?
7
What is the ten thousands digit of 82146?
8
What is the units digit of 78268?
8
What is the units digit of 1006?
6
What is the units digit of 4248?
8
What is the tens digit of 6811?
1
What is the tens digit of 617?
1
What is the tens digit of 4366?
6
What is the units digit of 71?
1
What is the tens digit of 20850?
5
What is the units digit of 4575?
5
What is the hundreds digit of 7694?
6
What is the thousands digit of 29958?
9
What is the thousands digit of 2187?
2
What is the thousands digit of 1769?
1
What is the units digit of 29972?
2
What is the thousands digit of 147397?
7
What is the units digit of 9867?
7
What is the units digit of 991?
1
What is the units digit of 2613?
3
What is the units digit of 22377?
7
What is the hundreds digit of 42398?
3
What is the units digit of 39143?
3
What is the hundreds digit of 4597?
5
What is the thousands digit of 23350?
3
What is the hundreds digit of 62630?
6
What is the tens digit of 28741?
4
What is the tens digit of 23413?
1
What is the hundreds digit of 9262?
2
What is the units digit of 3162?
2
What is the hundreds digit of 2225?
2
What is the thousands digit of 143092?
3
What is the thousands digit of 4558?
4
What is the hundreds digit of 66347?
3
What is the units digit of 5483?
3
What is the units digit of 108334?
4
What is the ten thousands digit of 12133?
1
What is the tens digit of 90502?
0
What is the units digit of 15553?
3
What is the tens digit of 1139?
3
What is the units digit of 908?
8
What is the hundreds digit of 31798?
7
What is the hundreds digit of 2314?
3
What is the tens digit of 284?
8
What is the hundreds digit of 34613?
6
What is the units digit of 1011?
1
What is the thousands digit of 9388?
9
What is the units digit of 334?
4
What is the hundreds digit of 6928?
9
What is the hundreds digit of 10432?
4
What is the units digit of 72645?
5
What is the tens digit of 2220?
2
What is the thousands digit of 53912?
3
What is the tens digit of 715?
1
What is the hundreds digit of 5440?
4
What is the hundreds digit of 556?
5
What is the tens digit of 2762?
6
What is the tens digit of 550?
5
What is the thousands digit of 32237?
2
What is the hundreds digit of 4717?
7
What is the hundreds digit of 23337?
3
What is the tens digit of 118719?
1
What is the tens digit of 249?
4
What is the units digit of 1488?
8
What is the hundreds digit of 10131?
1
What is the tens digit of 649?
4
What is the tens digit of 8664?
6
What is the thousands digit of 43641?
3
What is the thousands digit of 3885?
3
What is the ten thousands digit of 12669?
1
What is the hundreds digit of 21968?
9
What is the tens digit of 58284?
8
What is the hundreds digit of 532?
5
What is the thousands digit of 10587?
0
What is the units digit of 7301?
1
What is the hundreds digit of 6943?
9
What is the thousands digit of 27076?
7
What is the hundreds digit of 29743?
7
What is the ten thousands digit of 29580?
2
What is the units digit of 327?
7
What is the units digit of 103?
3
What is the ten thousands digit of 14692?
1
What is the thousands digit of 4141?
4
What is the units digit of 30590?
0
What is the units digit of 8527?
7
What is the hundreds digit of 333?
3
What is the units digit of 9974?
4
What is the tens digit of 6233?
3
What is the hundreds digit of 32880?
8
What 